umber?
True
Is 480987191 a composite number?
False
Is 1020777727 composite?
False
Is 6439573997 a composite number?
True
Is 1883516693 composite?
True
Is 491379803 prime?
True
Is 415983077 prime?
True
Is 115786704161 a composite number?
True
Is 303477211 a prime number?
True
Is 7118177813 a composite number?
True
Is 89652031379 composite?
True
Is 65684011843 composite?
False
Is 6361302661 a prime number?
False
Is 483876817 composite?
True
Is 3983422319 a prime number?
False
Is 74575889929 a composite number?
False
Is 16599246409 composite?
True
Is 523734359 a composite number?
False
Is 21081081803 a composite number?
False
Is 3142220681 a composite number?
True
Is 20734702 a prime number?
False
Is 1147260151 a prime number?
False
Is 136844363 a prime number?
True
Is 2061778079 a composite number?
False
Is 3794325407 composite?
False
Is 756629963 a composite number?
True
Is 370508374 prime?
False
Is 4200309847 composite?
False
Is 13892068831 a prime number?
True
Is 13161054574 composite?
True
Is 821104699 a prime number?
True
Is 8688135977 composite?
False
Is 1047465194 a composite number?
True
Is 29054823667 composite?
False
Is 1489777607 prime?
True
Is 19581710419 a prime number?
False
Is 4357270961 prime?
True
Is 21986475041 prime?
True
Is 4910017331 a composite number?
False
Is 119731485373 composite?
False
Is 1156990411 a composite number?
True
Is 10258069939 a composite number?
True
Is 30748225267 composite?
True
Is 144937313 a prime number?
True
Is 147977945711 a prime number?
True
Is 5408620507 prime?
True
Is 1630974227 a composite number?
True
Is 28384495073 a prime number?
False
Is 696973358 composite?
True
Is 4262936849 composite?
False
Is 2451262409 prime?
False
Is 9267027229 a composite number?
False
Is 254997167 composite?
False
Is 37694153527 composite?
True
Is 584525651 a prime number?
True
Is 166936513 composite?
False
Is 146544049 prime?
False
Is 1086042277 prime?
True
Is 3615793693 composite?
True
Is 60983536993 prime?
False
Is 5014537217 composite?
True
Is 24895163 prime?
True
Is 7368343343 composite?
True
Is 18870162583 prime?
True
Is 19917674729 a prime number?
False
Is 233699329 composite?
False
Is 1848354241 composite?
True
Is 848957719 a composite number?
False
Is 1174545893 composite?
True
Is 20610151 composite?
False
Is 415351189 prime?
False
Is 15069551513 composite?
True
Is 20895629 a prime number?
True
Is 315232991459 prime?
True
Is 656165193 composite?
True
Is 393452869 a composite number?
False
Is 4497920233 a composite number?
False
Is 189474701 a composite number?
True
Is 13808399351 composite?
True
Is 6954579761 a composite number?
False
Is 129217606511 prime?
False
Is 4978114103 prime?
False
Is 65839870543 a composite number?
False
Is 364287137 a prime number?
True
Is 524344409267 a composite number?
True
Is 900750293 prime?
True
Is 23292886229 composite?
False
Is 4197791369 a composite number?
True
Is 1012461211 composite?
False
Is 490976953 composite?
True
Is 19150496653 a composite number?
False
Is 9088080583 prime?
True
Is 5128274513 a composite number?
True
Is 2587212517 composite?
True
Is 5747814661 a composite number?
False
Is 4807054862 prime?
False
Is 20221486751 composite?
False
Is 1389965483 composite?
True
Is 668823841 a prime number?
False
Is 248861737 a prime number?
False
Is 31734372551 a prime number?
False
Is 414786131755 composite?
True
Is 250725662203 composite?
True
Is 1597879435 a prime number?
False
Is 1004787561 a prime number?
False
Is 244547603327 composite?
True
Is 34316738099 composite?
True
Is 227760000619 composite?
True
Is 22052567 prime?
True
Is 1545003211 a prime number?
True
Is 82265749 a prime number?
False
Is 26642465117 a composite number?
True
Is 1884917193 prime?
False
Is 13660709681 composite?
True
Is 3427900577 prime?
True
Is 11979281767 composite?
True
Is 525143041 composite?
False
Is 49067441 prime?
False
Is 854658479 prime?
False
Is 806539837 a prime number?
False
Is 644852641 composite?
True
Is 41911360591 composite?
False
Is 6883754263 a prime number?
True
Is 4011115037 a composite number?
True
Is 1885977889 a prime number?
False
Is 532717937 composite?
True
Is 6369224353 prime?
True
Is 647484127 a prime number?
False
Is 5916079007 prime?
False
Is 6327941273 a prime number?
False
Is 44645218753 a composite number?
False
Is 14333034523 prime?
False
Is 51158293 a composite number?
True
Is 637007002435 composite?
True
Is 113731543 a composite number?
False
Is 746431253 prime?
False
Is 35106128597 a prime number?
True
Is 212303737 a composite number?
False
Is 11085277951 a composite number?
True
Is 6112035689 a composite number?
True
Is 1691336897 a composite number?
True
Is 8488306667 composite?
True
Is 20570553361 prime?
False
Is 9315761947 prime?
False
Is 9615431899 a composite number?
False
Is 6837698713 a prime number?
False
Is 7147643 composite?
False
Is 33967404343 composite?
True
Is 16422284433 a composite number?
True
Is 310564523 composite?
False
Is 19044796619 prime?
False
Is 59568359 a composite number?
False
Is 6873581707 a prime number?
True
Is 232832387 a composite number?
True
Is 57840976079 a prime number?
True
Is 12525244003 composite?
True
Is 783434797 composite?
True
Is 102673481 a composite number?
True
Is 21743185397 composite?
True
Is 7978351519 a composite number?
False
Is 26554441 composite?
True
Is 13287403447 a composite number?
True
Is 17451818159 a composite number?
True
Is 35330074121 a prime number?
True
Is 3470213869 prime?
False
Is 129851017211 prime?
False
Is 18134148677 prime?
False
Is 2460668267 prime?
False
Is 140275632199 a prime number?
False
Is 27131155027 a prime number?
False
Is 1913502761 prime?
False
Is 1551173317 a prime number?
True
Is 2179790413 a prime number?
False
Is 13218240677 prime?
True
Is 20469244199 a composite number?
False
Is 1130852339 a composite number?
True
Is 309208763 a prime number?
False
Is 1168297337 composite?
True
Is 23631960841 a composite number?
False
Is 575461919 prime?
True
Is 6015932141 prime?
False
Is 55540175609 a prime number?
True
Is 13704008767 prime?
False
Is 4707901457 a prime number?
False
Is 24307846291 composite?
True
Is 3396411383 a composite number?
False
Is 103030469 a composite number?
False
Is 62544844057 composite?
False
Is 332687191 composite?
True
Is 864007103 composite?
True
Is 20546383921 a prime number?
False
Is 64015855898 composite?
True
Is 4575556253 a composite number?
True
Is 4221117949 a prime number?
False
Is 53685793823 a composite number?
False
Is 41885171869 composite?
False
Is 658791742853 composite?
False
Is 194426387 a composite number?
True
Is 1514695873 a composite number?
True
Is 40661428033 prime?
True
Is 355759721 a prime number?
False
Is 4371786257 a composite number?
True
Is 4889094619 a composite number?
False
Is 11401806329 composite?
True
Is 76851239 prime?
False
Is 1429072391 prime?
True
Is 91682798293 a composite number?
True
Is 3256035949 prime?
True
Is 1295840353 prime?
False
Is 575867158 a composite number?
True
Is 41368720013 a composite number?
True
Is 8324229659 a composite number?
False
Is 23367196231 a composite number?
False
Is 10426666553 a prime number?
True
Is 1668605849 a prime number?
False
Is 11707961 a composite number?
True
Is 247292389 a composite number?
True
Is 330840007 a composite number?
False
Is 130307844083 a prime number?
False
Is 44171329919 a prime number?
True
Is 5741359231 a prime number?
False
Is 3304097021 a composite number?
True
Is 619831937 a composite number?
False
Is 607488461 a composite number?
False
Is 24421016927 a composite number?
False
Is 32428596055 prime?
False
Is 5313277691 a composite number?
True
Is 686556061 a prime number?
True
Is 19258845141 a prime number?
False
Is 3759032111 a composite number?
True
Is 81001636582 a prime number?
False
Is 1938653401 composite?
True
Is 28141696169 a prime number?
True
Is 7823471983 prime?
True
Is 5141380459 a prime number?
True
Is 6120265781 prime?
False
Is 4463717 composite?
True
Is 37775931643 a composite number?
False
Is 795231467 composite?
False
Is 24212998067 a prime number?
True
Is 1530622243 composite?
True
Is 595595003 a composite number?
False
Is 112146754 prime?
False
Is 19407269741 a prime number?
False
Is 1666089989 a prime number?
True
Is 1912401